{"id":252,"date":"2023-05-25T17:28:58","date_gmt":"2023-05-25T23:28:58","guid":{"rendered":"https:\/\/croquetasparaayer.com.mx\/?post_type=product&#038;p=252"},"modified":"2023-07-28T14:45:23","modified_gmt":"2023-07-28T20:45:23","slug":"whiskas-carne-receta-original","status":"publish","type":"product","link":"https:\/\/croquetasparaayer.com.mx\/index.php\/producto\/whiskas-carne-receta-original\/","title":{"rendered":"Whiskas Carne receta original"},"content":{"rendered":"<p>La nueva receta de alimento seco Whiskas\u00ae combina la nutrici\u00f3n que tu gato necesita con el sabor que ama. Desarrollada nutricionalmente con veterinarios para ayudarlo a mantenerse saludable y feliz de por vida. Y ahora con prebi\u00f3ticos que ayudan\/contribuyen a una buena digesti\u00f3n.<\/p>\n<div class=\"proDetGuideItem acInner\">\n<div class=\"container-fluid\">\n<div class=\"row\">\n<div class=\"col-12 col\">\n<h4>INGREDIENTES<\/h4>\n<div class=\"text\">\n<p>Cereales y\/o sus Derivados (Ma\u00edz y\/o Trigo y\/o Arroz y\/o Sorgo y\/o Cebada), Harina de Carne y Hueso de pollo y\/o Harina de Subproductos de pollo (menudencias y\/o v\u00edsceras) y\/o Harina de Carne y Hueso de Res y\/o Cerdo, Harina de Soya, Grasa de Res y\/o Pollo y\/o Cerdo (Conservada con BHA\/BHT), Sabores Naturales y\/o Artificiales de Pollo y\/o Cerdo y\/o Res, Colores Naturales y\/o Artificiales, Sal Yodada, Taurina, Prebi\u00f3tico Manano-oligosacaridos, Zanahoria deshidratada, Ch\u00edcharo deshidratado, Fosfato Dicalcico, Antioxidante (BHT\/BHA). Vitaminas: Suplementos de Vitaminas: Colina, A, D, E, Niacina, Tiamina (B1), Acido Pantot\u00e9nico (B5), Piridoxina (B6), Riboflavina (B2), \u00c1cido F\u00f3lico, Cobalamina (B12), Biotina. Minerales: \u00d3xidos y\/o Sales de Potasio, Calcio, Zinc, Cobre, Selenio e Iodo.<\/p>\n<\/div>\n<\/div>\n<\/div>\n<\/div>\n<\/div>\n","protected":false},"excerpt":{"rendered":"<p>La nueva receta de alimento seco Whiskas\u00ae combina la nutrici\u00f3n que tu gato necesita con el sabor que ama. Desarrollada nutricionalmente con veterinarios para ayudarlo a mantenerse saludable y feliz de por vida. Y ahora con prebi\u00f3ticos que ayudan\/contribuyen a una buena digesti\u00f3n. INGREDIENTES Cereales y\/o sus Derivados (Ma\u00edz y\/o Trigo y\/o Arroz y\/o Sorgo [&hellip;]<\/p>\n","protected":false},"featured_media":253,"comment_status":"open","ping_status":"closed","template":"","meta":{"site-sidebar-layout":"default","site-content-layout":"default","ast-site-content-layout":"","site-content-style":"default","site-sidebar-style":"default","ast-global-header-display":"","ast-banner-title-visibility":"","ast-main-header-display":"","ast-hfb-above-header-display":"","ast-hfb-below-header-display":"","ast-hfb-mobile-header-display":"","site-post-title":"","ast-breadcrumbs-content":"","ast-featured-img":"","footer-sml-layout":"","theme-transparent-header-meta":"default","adv-header-id-meta":"","stick-header-meta":"","header-above-stick-meta":"","header-main-stick-meta":"","header-below-stick-meta":"","astra-migrate-meta-layouts":"default","ast-page-background-enabled":"default","ast-page-background-meta":{"desktop":{"background-color":"var(--ast-global-color-4)","background-image":"","background-repeat":"repeat","background-position":"center center","background-size":"auto","background-attachment":"scroll","background-type":"","background-media":"","overlay-type":"","overlay-color":"","overlay-opacity":"","overlay-gradient":""},"tablet":{"background-color":"","background-image":"","background-repeat":"repeat","background-position":"center center","background-size":"auto","background-attachment":"scroll","background-type":"","background-media":"","overlay-type":"","overlay-color":"","overlay-opacity":"","overlay-gradient":""},"mobile":{"background-color":"","background-image":"","background-repeat":"repeat","background-position":"center center","background-size":"auto","background-attachment":"scroll","background-type":"","background-media":"","overlay-type":"","overlay-color":"","overlay-opacity":"","overlay-gradient":""}},"ast-content-background-meta":{"desktop":{"background-color":"var(--ast-global-color-5)","background-image":"","background-repeat":"repeat","background-position":"center center","background-size":"auto","background-attachment":"scroll","background-type":"","background-media":"","overlay-type":"","overlay-color":"","overlay-opacity":"","overlay-gradient":""},"tablet":{"background-color":"var(--ast-global-color-5)","background-image":"","background-repeat":"repeat","background-position":"center center","background-size":"auto","background-attachment":"scroll","background-type":"","background-media":"","overlay-type":"","overlay-color":"","overlay-opacity":"","overlay-gradient":""},"mobile":{"background-color":"var(--ast-global-color-5)","background-image":"","background-repeat":"repeat","background-position":"center center","background-size":"auto","background-attachment":"scroll","background-type":"","background-media":"","overlay-type":"","overlay-color":"","overlay-opacity":"","overlay-gradient":""}}},"product_cat":[30,23],"product_tag":[],"class_list":{"0":"post-252","1":"product","2":"type-product","3":"status-publish","4":"has-post-thumbnail","6":"product_cat-gatito","7":"product_cat-gato","8":"desktop-align-left","9":"tablet-align-left","10":"mobile-align-left","12":"first","13":"instock","14":"shipping-taxable","15":"product-type-simple"},"_links":{"self":[{"href":"https:\/\/croquetasparaayer.com.mx\/index.php\/wp-json\/wp\/v2\/product\/252","targetHints":{"allow":["GET"]}}],"collection":[{"href":"https:\/\/croquetasparaayer.com.mx\/index.php\/wp-json\/wp\/v2\/product"}],"about":[{"href":"https:\/\/croquetasparaayer.com.mx\/index.php\/wp-json\/wp\/v2\/types\/product"}],"replies":[{"embeddable":true,"href":"https:\/\/croquetasparaayer.com.mx\/index.php\/wp-json\/wp\/v2\/comments?post=252"}],"wp:featuredmedia":[{"embeddable":true,"href":"https:\/\/croquetasparaayer.com.mx\/index.php\/wp-json\/wp\/v2\/media\/253"}],"wp:attachment":[{"href":"https:\/\/croquetasparaayer.com.mx\/index.php\/wp-json\/wp\/v2\/media?parent=252"}],"wp:term":[{"taxonomy":"product_cat","embeddable":true,"href":"https:\/\/croquetasparaayer.com.mx\/index.php\/wp-json\/wp\/v2\/product_cat?post=252"},{"taxonomy":"product_tag","embeddable":true,"href":"https:\/\/croquetasparaayer.com.mx\/index.php\/wp-json\/wp\/v2\/product_tag?post=252"}],"curies":[{"name":"wp","href":"https:\/\/api.w.org\/{rel}","templated":true}]}}