{"id":272,"date":"2023-05-25T18:35:14","date_gmt":"2023-05-26T00:35:14","guid":{"rendered":"https:\/\/croquetasparaayer.com.mx\/?post_type=product&#038;p=272"},"modified":"2023-05-25T18:35:14","modified_gmt":"2023-05-26T00:35:14","slug":"pro-plan-esterilized-optirenal","status":"publish","type":"product","link":"https:\/\/croquetasparaayer.com.mx\/index.php\/producto\/pro-plan-esterilized-optirenal\/","title":{"rendered":"Pro Plan Esterilized Optirenal"},"content":{"rendered":"<p>Alimento completo y balanceado para gatos adultos castrados o esterilizados. La esterilizaci\u00f3n y\/o castraci\u00f3n conduce a cambios que pueden predisponer a un aumento de peso.<\/p>\n<h6>BENEFICIOS:<\/h6>\n<ul>\n<li>Tecnolog\u00eda OptiRenal\u00ae, una mezcla exclusiva de nutrientes incluyendo antioxidantes, amino\u00e1cidos y \u00e1cidos grasos omega 3 y 6 que ayudan a mantener un funcionamiento renal \u00f3ptimo.<\/li>\n<li>Altos niveles de prote\u00ednas y fibras naturales adem\u00e1s de niveles reducidos en grasas, que ayudan a reducir las calor\u00edas y a mantener la condici\u00f3n corporal ideal.<\/li>\n<li>Con fuentes de fibras naturales de la soya y de la celulosa que ayudan a controlar la formaci\u00f3n de bolas de pelo.<\/li>\n<li>La inclusi\u00f3n de minerales quelados ayuda a asegurar una \u00f3ptima absorci\u00f3n y disponibilidad de nutrientes clave para la salud.<\/li>\n<\/ul>\n<h6><\/h6>\n","protected":false},"excerpt":{"rendered":"<p>Alimento completo y balanceado para gatos adultos castrados o esterilizados. La esterilizaci\u00f3n y\/o castraci\u00f3n conduce a cambios que pueden predisponer a un aumento de peso. BENEFICIOS: Tecnolog\u00eda OptiRenal\u00ae, una mezcla exclusiva de nutrientes incluyendo antioxidantes, amino\u00e1cidos y \u00e1cidos grasos omega 3 y 6 que ayudan a mantener un funcionamiento renal \u00f3ptimo. Altos niveles de prote\u00ednas [&hellip;]<\/p>\n","protected":false},"featured_media":273,"comment_status":"open","ping_status":"closed","template":"","meta":{"site-sidebar-layout":"default","site-content-layout":"default","ast-site-content-layout":"","site-content-style":"default","site-sidebar-style":"default","ast-global-header-display":"","ast-banner-title-visibility":"","ast-main-header-display":"","ast-hfb-above-header-display":"","ast-hfb-below-header-display":"","ast-hfb-mobile-header-display":"","site-post-title":"","ast-breadcrumbs-content":"","ast-featured-img":"","footer-sml-layout":"","theme-transparent-header-meta":"default","adv-header-id-meta":"","stick-header-meta":"","header-above-stick-meta":"","header-main-stick-meta":"","header-below-stick-meta":"","astra-migrate-meta-layouts":"default","ast-page-background-enabled":"default","ast-page-background-meta":{"desktop":{"background-color":"var(--ast-global-color-4)","background-image":"","background-repeat":"repeat","background-position":"center center","background-size":"auto","background-attachment":"scroll","background-type":"","background-media":"","overlay-type":"","overlay-color":"","overlay-opacity":"","overlay-gradient":""},"tablet":{"background-color":"","background-image":"","background-repeat":"repeat","background-position":"center center","background-size":"auto","background-attachment":"scroll","background-type":"","background-media":"","overlay-type":"","overlay-color":"","overlay-opacity":"","overlay-gradient":""},"mobile":{"background-color":"","background-image":"","background-repeat":"repeat","background-position":"center center","background-size":"auto","background-attachment":"scroll","background-type":"","background-media":"","overlay-type":"","overlay-color":"","overlay-opacity":"","overlay-gradient":""}},"ast-content-background-meta":{"desktop":{"background-color":"var(--ast-global-color-5)","background-image":"","background-repeat":"repeat","background-position":"center center","background-size":"auto","background-attachment":"scroll","background-type":"","background-media":"","overlay-type":"","overlay-color":"","overlay-opacity":"","overlay-gradient":""},"tablet":{"background-color":"var(--ast-global-color-5)","background-image":"","background-repeat":"repeat","background-position":"center center","background-size":"auto","background-attachment":"scroll","background-type":"","background-media":"","overlay-type":"","overlay-color":"","overlay-opacity":"","overlay-gradient":""},"mobile":{"background-color":"var(--ast-global-color-5)","background-image":"","background-repeat":"repeat","background-position":"center center","background-size":"auto","background-attachment":"scroll","background-type":"","background-media":"","overlay-type":"","overlay-color":"","overlay-opacity":"","overlay-gradient":""}}},"product_cat":[19,18,23],"product_tag":[],"class_list":{"0":"post-272","1":"product","2":"type-product","3":"status-publish","4":"has-post-thumbnail","6":"product_cat-adulto","7":"product_cat-croqueta","8":"product_cat-gato","9":"desktop-align-left","10":"tablet-align-left","11":"mobile-align-left","13":"first","14":"instock","15":"shipping-taxable","16":"product-type-simple"},"_links":{"self":[{"href":"https:\/\/croquetasparaayer.com.mx\/index.php\/wp-json\/wp\/v2\/product\/272","targetHints":{"allow":["GET"]}}],"collection":[{"href":"https:\/\/croquetasparaayer.com.mx\/index.php\/wp-json\/wp\/v2\/product"}],"about":[{"href":"https:\/\/croquetasparaayer.com.mx\/index.php\/wp-json\/wp\/v2\/types\/product"}],"replies":[{"embeddable":true,"href":"https:\/\/croquetasparaayer.com.mx\/index.php\/wp-json\/wp\/v2\/comments?post=272"}],"wp:featuredmedia":[{"embeddable":true,"href":"https:\/\/croquetasparaayer.com.mx\/index.php\/wp-json\/wp\/v2\/media\/273"}],"wp:attachment":[{"href":"https:\/\/croquetasparaayer.com.mx\/index.php\/wp-json\/wp\/v2\/media?parent=272"}],"wp:term":[{"taxonomy":"product_cat","embeddable":true,"href":"https:\/\/croquetasparaayer.com.mx\/index.php\/wp-json\/wp\/v2\/product_cat?post=272"},{"taxonomy":"product_tag","embeddable":true,"href":"https:\/\/croquetasparaayer.com.mx\/index.php\/wp-json\/wp\/v2\/product_tag?post=272"}],"curies":[{"name":"wp","href":"https:\/\/api.w.org\/{rel}","templated":true}]}}