{"id":274,"date":"2023-05-25T18:37:33","date_gmt":"2023-05-26T00:37:33","guid":{"rendered":"https:\/\/croquetasparaayer.com.mx\/?post_type=product&#038;p=274"},"modified":"2023-05-25T18:37:33","modified_gmt":"2023-05-26T00:37:33","slug":"pro-plan-urinary-optitract","status":"publish","type":"product","link":"https:\/\/croquetasparaayer.com.mx\/index.php\/producto\/pro-plan-urinary-optitract\/","title":{"rendered":"Pro Plan Urinary Optitract"},"content":{"rendered":"<p>Alimento completo y balanceado para gatos adultos. Es una tecnolog\u00eda exclusiva, que incluye una combinaci\u00f3n de nutrientes que ayuda a prevenir la formaci\u00f3n de cristales de estruvita y de oxalato, manteniendo y protegiendo la salud del tracto urinario inferior de los gatos adultos.<\/p>\n<h2>Beneficios:<\/h2>\n<ul>\n<li>Especialmente formulado para obtener un pH en la orina ligeramente m\u00e1s \u00e1cido para ayudar a disolver los c\u00e1lculos de estruvita.<\/li>\n<li>Con una proporci\u00f3n adecuada de sodio para fomentar el consumo de agua, lo que ayuda a reducir la formaci\u00f3n de cristales urinarios de estruvita y oxalato.<\/li>\n<li>Con Tecnolog\u00eda Optitract with Dual Stone Protection. Es una combinaci\u00f3n exclusiva de nutrientes que ayuda a prevenir la formaci\u00f3n de cristales de estruvita y oxalato, manteniendo y protegiendo la salud del tracto urinario inferior de los gatos adultos.<\/li>\n<li>La inclusi\u00f3n de minerales quelatados ayuda a asegurar una \u00f3ptima absorci\u00f3n y disponibilidad de micro-minerales clave para la salud.<\/li>\n<\/ul>\n","protected":false},"excerpt":{"rendered":"<p>Alimento completo y balanceado para gatos adultos. Es una tecnolog\u00eda exclusiva, que incluye una combinaci\u00f3n de nutrientes que ayuda a prevenir la formaci\u00f3n de cristales de estruvita y de oxalato, manteniendo y protegiendo la salud del tracto urinario inferior de los gatos adultos. Beneficios: Especialmente formulado para obtener un pH en la orina ligeramente m\u00e1s [&hellip;]<\/p>\n","protected":false},"featured_media":275,"comment_status":"open","ping_status":"closed","template":"","meta":{"site-sidebar-layout":"default","site-content-layout":"default","ast-site-content-layout":"","site-content-style":"default","site-sidebar-style":"default","ast-global-header-display":"","ast-banner-title-visibility":"","ast-main-header-display":"","ast-hfb-above-header-display":"","ast-hfb-below-header-display":"","ast-hfb-mobile-header-display":"","site-post-title":"","ast-breadcrumbs-content":"","ast-featured-img":"","footer-sml-layout":"","theme-transparent-header-meta":"default","adv-header-id-meta":"","stick-header-meta":"","header-above-stick-meta":"","header-main-stick-meta":"","header-below-stick-meta":"","astra-migrate-meta-layouts":"default","ast-page-background-enabled":"default","ast-page-background-meta":{"desktop":{"background-color":"var(--ast-global-color-4)","background-image":"","background-repeat":"repeat","background-position":"center center","background-size":"auto","background-attachment":"scroll","background-type":"","background-media":"","overlay-type":"","overlay-color":"","overlay-opacity":"","overlay-gradient":""},"tablet":{"background-color":"","background-image":"","background-repeat":"repeat","background-position":"center center","background-size":"auto","background-attachment":"scroll","background-type":"","background-media":"","overlay-type":"","overlay-color":"","overlay-opacity":"","overlay-gradient":""},"mobile":{"background-color":"","background-image":"","background-repeat":"repeat","background-position":"center center","background-size":"auto","background-attachment":"scroll","background-type":"","background-media":"","overlay-type":"","overlay-color":"","overlay-opacity":"","overlay-gradient":""}},"ast-content-background-meta":{"desktop":{"background-color":"var(--ast-global-color-5)","background-image":"","background-repeat":"repeat","background-position":"center center","background-size":"auto","background-attachment":"scroll","background-type":"","background-media":"","overlay-type":"","overlay-color":"","overlay-opacity":"","overlay-gradient":""},"tablet":{"background-color":"var(--ast-global-color-5)","background-image":"","background-repeat":"repeat","background-position":"center center","background-size":"auto","background-attachment":"scroll","background-type":"","background-media":"","overlay-type":"","overlay-color":"","overlay-opacity":"","overlay-gradient":""},"mobile":{"background-color":"var(--ast-global-color-5)","background-image":"","background-repeat":"repeat","background-position":"center center","background-size":"auto","background-attachment":"scroll","background-type":"","background-media":"","overlay-type":"","overlay-color":"","overlay-opacity":"","overlay-gradient":""}}},"product_cat":[19,18,23,27],"product_tag":[],"class_list":{"0":"post-274","1":"product","2":"type-product","3":"status-publish","4":"has-post-thumbnail","6":"product_cat-adulto","7":"product_cat-croqueta","8":"product_cat-gato","9":"product_cat-veterinary-diet","10":"desktop-align-left","11":"tablet-align-left","12":"mobile-align-left","14":"first","15":"instock","16":"shipping-taxable","17":"product-type-simple"},"_links":{"self":[{"href":"https:\/\/croquetasparaayer.com.mx\/index.php\/wp-json\/wp\/v2\/product\/274","targetHints":{"allow":["GET"]}}],"collection":[{"href":"https:\/\/croquetasparaayer.com.mx\/index.php\/wp-json\/wp\/v2\/product"}],"about":[{"href":"https:\/\/croquetasparaayer.com.mx\/index.php\/wp-json\/wp\/v2\/types\/product"}],"replies":[{"embeddable":true,"href":"https:\/\/croquetasparaayer.com.mx\/index.php\/wp-json\/wp\/v2\/comments?post=274"}],"wp:featuredmedia":[{"embeddable":true,"href":"https:\/\/croquetasparaayer.com.mx\/index.php\/wp-json\/wp\/v2\/media\/275"}],"wp:attachment":[{"href":"https:\/\/croquetasparaayer.com.mx\/index.php\/wp-json\/wp\/v2\/media?parent=274"}],"wp:term":[{"taxonomy":"product_cat","embeddable":true,"href":"https:\/\/croquetasparaayer.com.mx\/index.php\/wp-json\/wp\/v2\/product_cat?post=274"},{"taxonomy":"product_tag","embeddable":true,"href":"https:\/\/croquetasparaayer.com.mx\/index.php\/wp-json\/wp\/v2\/product_tag?post=274"}],"curies":[{"name":"wp","href":"https:\/\/api.w.org\/{rel}","templated":true}]}}