{"id":718,"date":"2023-07-28T16:13:15","date_gmt":"2023-07-28T22:13:15","guid":{"rendered":"https:\/\/croquetasparaayer.com.mx\/?post_type=product&#038;p=718"},"modified":"2023-07-28T16:13:39","modified_gmt":"2023-07-28T22:13:39","slug":"hills-science-diet-alimento-en-lata-para-perros-adultos","status":"publish","type":"product","link":"https:\/\/croquetasparaayer.com.mx\/index.php\/producto\/hills-science-diet-alimento-en-lata-para-perros-adultos\/","title":{"rendered":"Hill&#8217;s Science Diet Alimento en lata para Perros Adultos"},"content":{"rendered":"<p id=\"title\" class=\"a-size-large a-spacing-none\"><span id=\"productTitle\" class=\"a-size-large product-title-word-break\">Hill&#8217;s Science Diet, alimento en lata para perros adultos, pollo, 368 gramos, paquete con 12 latas.<\/span><\/p>\n<p>Sabor: Pollo<\/p>\n<p>Cantidad: 12 gramos<\/p>\n<ul class=\"a-unordered-list a-vertical a-spacing-mini\">\n<li class=\"a-spacing-mini\"><span class=\"a-list-item\">Ayude a mantener a su perro en forma y sano con el alimento h\u00famedo para perros<\/span><\/li>\n<li class=\"a-spacing-mini\"><span class=\"a-list-item\">Adem\u00e1s, no contiene sabores o conservadores artificiales; el delicioso sabor y suave textura de las latas Science Diet agregar\u00e1n variedad a las comidas de su perro<\/span><\/li>\n<li class=\"a-spacing-mini\"><span class=\"a-list-item\">Los alimentos para perros Hill&#8217;s Science Diet est\u00e1n hechos en los EUA con ingredientes norteamericanos de alta calidad<\/span><\/li>\n<li class=\"a-spacing-mini\"><span class=\"a-list-item\">Hill&#8217;s 100% Satisfacci\u00f3n garantizada: Estamos seguros de que su mascota disfrutar\u00e1 los alimentos Hill&#8217;s Science Diet; estamos tan seguros que ofrecemos una garant\u00eda del 100% o le devolvemos su dinero<\/span><\/li>\n<\/ul>\n","protected":false},"excerpt":{"rendered":"<p>Hill&#8217;s Science Diet, alimento en lata para perros adultos, pollo, 368 gramos, paquete con 12 latas. Sabor: Pollo Cantidad: 12 gramos Ayude a mantener a su perro en forma y sano con el alimento h\u00famedo para perros Adem\u00e1s, no contiene sabores o conservadores artificiales; el delicioso sabor y suave textura de las latas Science Diet [&hellip;]<\/p>\n","protected":false},"featured_media":719,"comment_status":"open","ping_status":"closed","template":"","meta":{"site-sidebar-layout":"default","site-content-layout":"default","ast-site-content-layout":"","site-content-style":"default","site-sidebar-style":"default","ast-global-header-display":"","ast-banner-title-visibility":"","ast-main-header-display":"","ast-hfb-above-header-display":"","ast-hfb-below-header-display":"","ast-hfb-mobile-header-display":"","site-post-title":"","ast-breadcrumbs-content":"","ast-featured-img":"","footer-sml-layout":"","theme-transparent-header-meta":"default","adv-header-id-meta":"","stick-header-meta":"","header-above-stick-meta":"","header-main-stick-meta":"","header-below-stick-meta":"","astra-migrate-meta-layouts":"default","ast-page-background-enabled":"default","ast-page-background-meta":{"desktop":{"background-color":"var(--ast-global-color-4)","background-image":"","background-repeat":"repeat","background-position":"center center","background-size":"auto","background-attachment":"scroll","background-type":"","background-media":"","overlay-type":"","overlay-color":"","overlay-opacity":"","overlay-gradient":""},"tablet":{"background-color":"","background-image":"","background-repeat":"repeat","background-position":"center center","background-size":"auto","background-attachment":"scroll","background-type":"","background-media":"","overlay-type":"","overlay-color":"","overlay-opacity":"","overlay-gradient":""},"mobile":{"background-color":"","background-image":"","background-repeat":"repeat","background-position":"center center","background-size":"auto","background-attachment":"scroll","background-type":"","background-media":"","overlay-type":"","overlay-color":"","overlay-opacity":"","overlay-gradient":""}},"ast-content-background-meta":{"desktop":{"background-color":"var(--ast-global-color-5)","background-image":"","background-repeat":"repeat","background-position":"center center","background-size":"auto","background-attachment":"scroll","background-type":"","background-media":"","overlay-type":"","overlay-color":"","overlay-opacity":"","overlay-gradient":""},"tablet":{"background-color":"var(--ast-global-color-5)","background-image":"","background-repeat":"repeat","background-position":"center center","background-size":"auto","background-attachment":"scroll","background-type":"","background-media":"","overlay-type":"","overlay-color":"","overlay-opacity":"","overlay-gradient":""},"mobile":{"background-color":"var(--ast-global-color-5)","background-image":"","background-repeat":"repeat","background-position":"center center","background-size":"auto","background-attachment":"scroll","background-type":"","background-media":"","overlay-type":"","overlay-color":"","overlay-opacity":"","overlay-gradient":""}}},"product_cat":[19,29,21,20],"product_tag":[],"class_list":{"0":"post-718","1":"product","2":"type-product","3":"status-publish","4":"has-post-thumbnail","6":"product_cat-adulto","7":"product_cat-lata","8":"product_cat-perro","9":"product_cat-raza-grande","10":"desktop-align-left","11":"tablet-align-left","12":"mobile-align-left","14":"first","15":"instock","16":"shipping-taxable","17":"product-type-simple"},"_links":{"self":[{"href":"https:\/\/croquetasparaayer.com.mx\/index.php\/wp-json\/wp\/v2\/product\/718","targetHints":{"allow":["GET"]}}],"collection":[{"href":"https:\/\/croquetasparaayer.com.mx\/index.php\/wp-json\/wp\/v2\/product"}],"about":[{"href":"https:\/\/croquetasparaayer.com.mx\/index.php\/wp-json\/wp\/v2\/types\/product"}],"replies":[{"embeddable":true,"href":"https:\/\/croquetasparaayer.com.mx\/index.php\/wp-json\/wp\/v2\/comments?post=718"}],"wp:featuredmedia":[{"embeddable":true,"href":"https:\/\/croquetasparaayer.com.mx\/index.php\/wp-json\/wp\/v2\/media\/719"}],"wp:attachment":[{"href":"https:\/\/croquetasparaayer.com.mx\/index.php\/wp-json\/wp\/v2\/media?parent=718"}],"wp:term":[{"taxonomy":"product_cat","embeddable":true,"href":"https:\/\/croquetasparaayer.com.mx\/index.php\/wp-json\/wp\/v2\/product_cat?post=718"},{"taxonomy":"product_tag","embeddable":true,"href":"https:\/\/croquetasparaayer.com.mx\/index.php\/wp-json\/wp\/v2\/product_tag?post=718"}],"curies":[{"name":"wp","href":"https:\/\/api.w.org\/{rel}","templated":true}]}}